[INFO] cloning repository https://github.com/hinaria/graphics-uncapped
[INFO] running `Command { std: "git" "-c" "credential.helper=" "-c" "credential.helper=/workspace/cargo-home/bin/git-credential-null" "clone" "--bare" "https://github.com/hinaria/graphics-uncapped" "/workspace/cache/git-repos/https%3A%2F%2Fgithub.com%2Fhinaria%2Fgraphics-uncapped", kill_on_drop: false }`
[INFO] [stderr] Cloning into bare repository '/workspace/cache/git-repos/https%3A%2F%2Fgithub.com%2Fhinaria%2Fgraphics-uncapped'...
[INFO] running `Command { std: "git" "rev-parse" "HEAD", kill_on_drop: false }`
[INFO] [stdout] 62e77d9fd1e683e76e1cca44d855ea810faac41c
[INFO] checking hinaria/graphics-uncapped against try#72f88fc4e9458f89516a0b8b0868f3718aec5b47 for pr-74989
[INFO] running `Command { std: "git" "clone" "/workspace/cache/git-repos/https%3A%2F%2Fgithub.com%2Fhinaria%2Fgraphics-uncapped" "/workspace/builds/worker-11/source", kill_on_drop: false }`
[INFO] [stderr] Cloning into '/workspace/builds/worker-11/source'...
[INFO] [stderr] done.
[INFO] validating manifest of git repo https://github.com/hinaria/graphics-uncapped on toolchain 72f88fc4e9458f89516a0b8b0868f3718aec5b47
[INFO] running `Command { std: "/workspace/cargo-home/bin/cargo" "+72f88fc4e9458f89516a0b8b0868f3718aec5b47" "read-manifest" "--manifest-path" "Cargo.toml", kill_on_drop: false }`
[INFO] started tweaking git repo https://github.com/hinaria/graphics-uncapped
[INFO] removed path dependency gfx-backend-dx11 from git repo https://github.com/hinaria/graphics-uncapped
[INFO] removed path dependency gfx-backend-dx12 from git repo https://github.com/hinaria/graphics-uncapped
[INFO] removed path dependency gfx-backend-vulkan from git repo https://github.com/hinaria/graphics-uncapped
[INFO] removed path dependency gfx-hal from git repo https://github.com/hinaria/graphics-uncapped
[INFO] finished tweaking git repo https://github.com/hinaria/graphics-uncapped
[INFO] tweaked toml for git repo https://github.com/hinaria/graphics-uncapped written to /workspace/builds/worker-11/source/Cargo.toml
[INFO] crate git repo https://github.com/hinaria/graphics-uncapped already has a lockfile, it will not be regenerated
[INFO] running `Command { std: "/workspace/cargo-home/bin/cargo" "+72f88fc4e9458f89516a0b8b0868f3718aec5b47" "fetch" "--locked" "--manifest-path" "Cargo.toml", kill_on_drop: false }`
[INFO] [stderr] warning: dependency (gfx-backend-dx11) specified without providing a local path, Git repository, or version to use. This will be considered an error in future versions
[INFO] [stderr] warning: dependency (gfx-backend-dx12) specified without providing a local path, Git repository, or version to use. This will be considered an error in future versions
[INFO] [stderr] warning: dependency (gfx-backend-vulkan) specified without providing a local path, Git repository, or version to use. This will be considered an error in future versions
[INFO] [stderr] warning: dependency (gfx-hal) specified without providing a local path, Git repository, or version to use. This will be considered an error in future versions
[INFO] [stderr]     Updating crates.io index
[INFO] [stderr] error: the lock file /workspace/builds/worker-11/source/Cargo.lock needs to be updated but --locked was passed to prevent this
[INFO] [stderr] If you want to try to generate the lock file without accessing the network, use the --offline flag.
[INFO] the lockfile is outdated, regenerating it
[INFO] running `Command { std: "/workspace/cargo-home/bin/cargo" "+72f88fc4e9458f89516a0b8b0868f3718aec5b47" "generate-lockfile" "--manifest-path" "Cargo.toml" "-Zno-index-update", kill_on_drop: false }`
[INFO] running `Command { std: "/workspace/cargo-home/bin/cargo" "+72f88fc4e9458f89516a0b8b0868f3718aec5b47" "fetch" "--locked" "--manifest-path" "Cargo.toml", kill_on_drop: false }`
[INFO] [stderr] warning: dependency (gfx-backend-dx11) specified without providing a local path, Git repository, or version to use. This will be considered an error in future versions
[INFO] [stderr] warning: dependency (gfx-backend-dx12) specified without providing a local path, Git repository, or version to use. This will be considered an error in future versions
[INFO] [stderr] warning: dependency (gfx-backend-vulkan) specified without providing a local path, Git repository, or version to use. This will be considered an error in future versions
[INFO] [stderr] warning: dependency (gfx-hal) specified without providing a local path, Git repository, or version to use. This will be considered an error in future versions
[INFO] [stderr]     Blocking waiting for file lock on package cache
[INFO] [stderr]  Downloading crates ...
[INFO] [stderr]   Downloaded gfx-auxil v0.6.0
[INFO] [stderr]   Downloaded gfx-backend-dx11 v0.6.4
[INFO] [stderr]   Downloaded gfx-backend-dx12 v0.6.3
[INFO] [stderr]   Downloaded spirv_cross v0.21.0
[INFO] running `Command { std: "docker" "create" "-v" "/var/lib/crater-agent-workspace/builds/worker-11/target:/opt/rustwide/target:rw,Z" "-v" "/var/lib/crater-agent-workspace/builds/worker-11/source:/opt/rustwide/workdir:ro,Z" "-v" "/var/lib/crater-agent-workspace/cargo-home:/opt/rustwide/cargo-home:ro,Z" "-v" "/var/lib/crater-agent-workspace/rustup-home:/opt/rustwide/rustup-home:ro,Z" "-e" "SOURCE_DIR=/opt/rustwide/workdir" "-e" "CARGO_TARGET_DIR=/opt/rustwide/target" "-e" "CARGO_HOME=/opt/rustwide/cargo-home" "-e" "RUSTUP_HOME=/opt/rustwide/rustup-home" "-w" "/opt/rustwide/workdir" "-m" "1610612736" "--user" "0:0" "--network" "none" "rustops/crates-build-env@sha256:d92eaeed33fa75130ca1ee6c8a01d1ffb62bac859dfdfb3450e3e5d1c0146529" "/opt/rustwide/cargo-home/bin/cargo" "+72f88fc4e9458f89516a0b8b0868f3718aec5b47" "metadata" "--no-deps" "--format-version=1", kill_on_drop: false }`
[INFO] [stdout] 480a11c1e9d4f2da7d671b48c2349bb5b3787be85300c04722d6340658c591aa
[INFO] [stderr] WARNING: Your kernel does not support swap limit capabilities or the cgroup is not mounted. Memory limited without swap.
[INFO] running `Command { std: "docker" "start" "-a" "480a11c1e9d4f2da7d671b48c2349bb5b3787be85300c04722d6340658c591aa", kill_on_drop: false }`
[INFO] running `Command { std: "docker" "inspect" "480a11c1e9d4f2da7d671b48c2349bb5b3787be85300c04722d6340658c591aa", kill_on_drop: false }`
[INFO] running `Command { std: "docker" "rm" "-f" "480a11c1e9d4f2da7d671b48c2349bb5b3787be85300c04722d6340658c591aa", kill_on_drop: false }`
[INFO] [stdout] 480a11c1e9d4f2da7d671b48c2349bb5b3787be85300c04722d6340658c591aa
[INFO] running `Command { std: "docker" "create" "-v" "/var/lib/crater-agent-workspace/builds/worker-11/target:/opt/rustwide/target:rw,Z" "-v" "/var/lib/crater-agent-workspace/builds/worker-11/source:/opt/rustwide/workdir:ro,Z" "-v" "/var/lib/crater-agent-workspace/cargo-home:/opt/rustwide/cargo-home:ro,Z" "-v" "/var/lib/crater-agent-workspace/rustup-home:/opt/rustwide/rustup-home:ro,Z" "-e" "SOURCE_DIR=/opt/rustwide/workdir" "-e" "CARGO_TARGET_DIR=/opt/rustwide/target" "-e" "CARGO_INCREMENTAL=0" "-e" "RUST_BACKTRACE=full" "-e" "RUSTFLAGS=--cap-lints=forbid" "-e" "CARGO_HOME=/opt/rustwide/cargo-home" "-e" "RUSTUP_HOME=/opt/rustwide/rustup-home" "-w" "/opt/rustwide/workdir" "-m" "1610612736" "--user" "0:0" "--network" "none" "rustops/crates-build-env@sha256:d92eaeed33fa75130ca1ee6c8a01d1ffb62bac859dfdfb3450e3e5d1c0146529" "/opt/rustwide/cargo-home/bin/cargo" "+72f88fc4e9458f89516a0b8b0868f3718aec5b47" "check" "--frozen" "--all" "--all-targets" "--message-format=json", kill_on_drop: false }`
[INFO] [stdout] 4c0ac72f8c70658616601e18082163503b007c5c580e5189b233b39f8b68cb10
[INFO] [stderr] WARNING: Your kernel does not support swap limit capabilities or the cgroup is not mounted. Memory limited without swap.
[INFO] running `Command { std: "docker" "start" "-a" "4c0ac72f8c70658616601e18082163503b007c5c580e5189b233b39f8b68cb10", kill_on_drop: false }`
[INFO] [stderr] warning: dependency (gfx-backend-dx11) specified without providing a local path, Git repository, or version to use. This will be considered an error in future versions
[INFO] [stderr] warning: dependency (gfx-backend-dx12) specified without providing a local path, Git repository, or version to use. This will be considered an error in future versions
[INFO] [stderr] warning: dependency (gfx-backend-vulkan) specified without providing a local path, Git repository, or version to use. This will be considered an error in future versions
[INFO] [stderr] warning: dependency (gfx-hal) specified without providing a local path, Git repository, or version to use. This will be considered an error in future versions
[INFO] [stderr]    Compiling libloading v0.6.3
[INFO] [stderr]    Compiling xml-rs v0.8.3
[INFO] [stderr]    Compiling nix v0.14.1
[INFO] [stderr]    Compiling winapi v0.3.9
[INFO] [stderr]     Checking void v1.0.2
[INFO] [stderr]     Checking stable_deref_trait v1.2.0
[INFO] [stderr]     Checking same-file v1.0.6
[INFO] [stderr]    Compiling pkg-config v0.3.18
[INFO] [stderr]     Checking downcast-rs v1.2.0
[INFO] [stderr]     Checking xdg v2.2.0
[INFO] [stderr]     Checking range-alloc v0.1.1
[INFO] [stderr]     Checking arrayvec v0.5.1
[INFO] [stderr]     Checking thread_local v1.0.1
[INFO] [stderr]    Compiling libc v0.2.77
[INFO] [stderr]     Checking raw-window-handle v0.3.3
[INFO] [stderr]     Checking memmap v0.7.0
[INFO] [stderr]     Checking stb_truetype v0.3.1
[INFO] [stderr]     Checking fxhash v0.2.1
[INFO] [stderr]     Checking owning_ref v0.4.1
[INFO] [stderr]     Checking walkdir v2.3.1
[INFO] [stderr]     Checking ordered-float v1.1.0
[INFO] [stderr]     Checking approx v0.3.2
[INFO] [stderr]     Checking line_drawing v0.7.0
[INFO] [stderr]     Checking gfx-hal v0.6.0
[INFO] [stderr]     Checking regex v1.3.9
[INFO] [stderr]     Checking lock_api v0.1.5
[INFO] [stderr]     Checking rusttype v0.8.3
[INFO] [stderr]     Checking dlib v0.4.2
[INFO] [stderr]     Checking ash v0.31.0
[INFO] [stderr]    Compiling x11-dl v2.18.5
[INFO] [stderr]     Checking parking_lot v0.7.1
[INFO] [stderr]     Checking wayland-sys v0.21.13
[INFO] [stderr]    Compiling jobserver v0.1.21
[INFO] [stderr]     Checking d3d12 v0.3.2
[INFO] [stderr]     Checking wio v0.2.2
[INFO] [stderr]    Compiling wayland-scanner v0.21.13
[INFO] [stderr]    Compiling cc v1.0.59
[INFO] [stdout] error[E0432]: unresolved imports `winapi::shared`, `winapi::um`
[INFO] [stdout]  --> /opt/rustwide/cargo-home/registry/src/github.com-1ecc6299db9ec823/d3d12-0.3.2/src/lib.rs:6:5
[INFO] [stdout]   |
[INFO] [stdout] 6 |     shared::dxgiformat,
[INFO] [stdout]   |     ^^^^^^ could not find `shared` in `winapi`
[INFO] [stdout] 7 |     um::{d3d12, d3dcommon},
[INFO] [stdout]   |     ^^ could not find `um` in `winapi`
[INFO] [stdout] 
[INFO] [stdout] 
[INFO] [stdout] error[E0433]: failed to resolve: could not find `um` in `winapi`
[INFO] [stdout]  --> /opt/rustwide/cargo-home/registry/src/github.com-1ecc6299db9ec823/d3d12-0.3.2/src/com.rs:8:30
[INFO] [stdout]   |
[INFO] [stdout] 8 | use winapi::{ctypes::c_void, um::unknwnbase::IUnknown, Interface};
[INFO] [stdout]   |                              ^^ could not find `um` in `winapi`
[INFO] [stdout] 
[INFO] [stdout] 
[INFO] [stdout] error[E0432]: unresolved imports `winapi::ctypes`, `winapi::Interface`
[INFO] [stdout]  --> /opt/rustwide/cargo-home/registry/src/github.com-1ecc6299db9ec823/d3d12-0.3.2/src/com.rs:8:14
[INFO] [stdout]   |
[INFO] [stdout] 8 | use winapi::{ctypes::c_void, um::unknwnbase::IUnknown, Interface};
[INFO] [stdout]   |              ^^^^^^                                    ^^^^^^^^^ no `Interface` in the root
[INFO] [stdout]   |              |
[INFO] [stdout]   |              could not find `ctypes` in `winapi`
[INFO] [stdout] 
[INFO] [stdout] 
[INFO] [stdout] error[E0432]: unresolved import `winapi::um`
[INFO] [stdout]  --> /opt/rustwide/cargo-home/registry/src/github.com-1ecc6299db9ec823/d3d12-0.3.2/src/command_allocator.rs:4:13
[INFO] [stdout]   |
[INFO] [stdout] 4 | use winapi::um::d3d12;
[INFO] [stdout]   |             ^^ could not find `um` in `winapi`
[INFO] [stdout] 
[INFO] [stdout] 
[INFO] [stdout] error[E0432]: unresolved import `winapi::um`
[INFO] [stdout]  --> /opt/rustwide/cargo-home/registry/src/github.com-1ecc6299db9ec823/d3d12-0.3.2/src/command_list.rs:9:13
[INFO] [stdout]   |
[INFO] [stdout] 9 | use winapi::um::d3d12;
[INFO] [stdout]   |             ^^ could not find `um` in `winapi`
[INFO] [stdout] 
[INFO] [stdout] 
[INFO] [stdout] error[E0432]: unresolved import `winapi::um`
[INFO] [stdout]  --> /opt/rustwide/cargo-home/registry/src/github.com-1ecc6299db9ec823/d3d12-0.3.2/src/debug.rs:2:13
[INFO] [stdout]   |
[INFO] [stdout] 2 | use winapi::um::d3d12sdklayers;
[INFO] [stdout]   |             ^^ could not find `um` in `winapi`
[INFO] [stdout] 
[INFO] [stdout] 
[INFO] [stdout] error[E0432]: unresolved import `winapi::Interface`
[INFO] [stdout]  --> /opt/rustwide/cargo-home/registry/src/github.com-1ecc6299db9ec823/d3d12-0.3.2/src/debug.rs:4:5
[INFO] [stdout]   |
[INFO] [stdout] 4 | use winapi::Interface as _;
[INFO] [stdout]   |     ^^^^^^^^^^^^^^^^^^^^^^ no `Interface` in the root
[INFO] [stdout] 
[INFO] [stdout] 
[INFO] [stdout] error[E0433]: failed to resolve: could not find `um` in `winapi`
[INFO] [stdout]    --> /opt/rustwide/cargo-home/registry/src/github.com-1ecc6299db9ec823/d3d12-0.3.2/src/descriptor.rs:276:21
[INFO] [stdout]     |
[INFO] [stdout] 276 |         use winapi::um::d3dcommon::ID3DBlob;
[INFO] [stdout]     |                     ^^ could not find `um` in `winapi`
[INFO] [stdout] 
[INFO] [stdout] 
[INFO] [stdout] error[E0432]: unresolved imports `winapi::shared`, `winapi::um`
[INFO] [stdout]  --> /opt/rustwide/cargo-home/registry/src/github.com-1ecc6299db9ec823/d3d12-0.3.2/src/descriptor.rs:3:14
[INFO] [stdout]   |
[INFO] [stdout] 3 | use winapi::{shared::dxgiformat, um::d3d12};
[INFO] [stdout]   |              ^^^^^^              ^^ could not find `um` in `winapi`
[INFO] [stdout]   |              |
[INFO] [stdout]   |              could not find `shared` in `winapi`
[INFO] [stdout] 
[INFO] [stdout] 
[INFO] [stdout] error[E0432]: unresolved imports `winapi::um`, `winapi::Interface`
[INFO] [stdout]   --> /opt/rustwide/cargo-home/registry/src/github.com-1ecc6299db9ec823/d3d12-0.3.2/src/device.rs:13:14
[INFO] [stdout]    |
[INFO] [stdout] 13 | use winapi::{um::d3d12, Interface};
[INFO] [stdout]    |              ^^         ^^^^^^^^^ no `Interface` in the root
[INFO] [stdout]    |              |
[INFO] [stdout]    |              could not find `um` in `winapi`
[INFO] [stdout] 
[INFO] [stdout] 
[INFO] [stdout] error[E0433]: failed to resolve: could not find `shared` in `winapi`
[INFO] [stdout]  --> /opt/rustwide/cargo-home/registry/src/github.com-1ecc6299db9ec823/d3d12-0.3.2/src/dxgi.rs:4:5
[INFO] [stdout]   |
[INFO] [stdout] 4 |     shared::{dxgi, dxgi1_2, dxgi1_3, dxgi1_4, dxgiformat, dxgitype, windef::HWND},
[INFO] [stdout]   |     ^^^^^^ could not find `shared` in `winapi`
[INFO] [stdout] 
[INFO] [stdout] 
[INFO] [stdout] error[E0432]: unresolved imports `winapi::shared`, `winapi::um`, `winapi::Interface`
[INFO] [stdout]  --> /opt/rustwide/cargo-home/registry/src/github.com-1ecc6299db9ec823/d3d12-0.3.2/src/dxgi.rs:4:5
[INFO] [stdout]   |
[INFO] [stdout] 4 |     shared::{dxgi, dxgi1_2, dxgi1_3, dxgi1_4, dxgiformat, dxgitype, windef::HWND},
[INFO] [stdout]   |     ^^^^^^ could not find `shared` in `winapi`
[INFO] [stdout] 5 |     um::{d3d12, dxgidebug},
[INFO] [stdout]   |     ^^ could not find `um` in `winapi`
[INFO] [stdout] 6 |     Interface,
[INFO] [stdout]   |     ^^^^^^^^^ no `Interface` in the root
[INFO] [stdout] 
[INFO] [stdout] 
[INFO] [stdout] error[E0432]: unresolved import `winapi::um`
[INFO] [stdout]  --> /opt/rustwide/cargo-home/registry/src/github.com-1ecc6299db9ec823/d3d12-0.3.2/src/heap.rs:2:13
[INFO] [stdout]   |
[INFO] [stdout] 2 | use winapi::um::d3d12;
[INFO] [stdout]   |             ^^ could not find `um` in `winapi`
[INFO] [stdout] 
[INFO] [stdout] 
[INFO] [stdout] error[E0432]: unresolved import `winapi::um`
[INFO] [stdout]  --> /opt/rustwide/cargo-home/registry/src/github.com-1ecc6299db9ec823/d3d12-0.3.2/src/pso.rs:5:13
[INFO] [stdout]   |
[INFO] [stdout] 5 | use winapi::um::{d3d12, d3dcompiler};
[INFO] [stdout]   |             ^^ could not find `um` in `winapi`
[INFO] [stdout] 
[INFO] [stdout] 
[INFO] [stdout] error[E0432]: unresolved import `winapi::um`
[INFO] [stdout]  --> /opt/rustwide/cargo-home/registry/src/github.com-1ecc6299db9ec823/d3d12-0.3.2/src/query.rs:2:13
[INFO] [stdout]   |
[INFO] [stdout] 2 | use winapi::um::d3d12;
[INFO] [stdout]   |             ^^ could not find `um` in `winapi`
[INFO] [stdout] 
[INFO] [stdout] 
[INFO] [stdout] error[E0432]: unresolved import `winapi::um`
[INFO] [stdout]  --> /opt/rustwide/cargo-home/registry/src/github.com-1ecc6299db9ec823/d3d12-0.3.2/src/queue.rs:2:13
[INFO] [stdout]   |
[INFO] [stdout] 2 | use winapi::um::d3d12;
[INFO] [stdout]   |             ^^ could not find `um` in `winapi`
[INFO] [stdout] 
[INFO] [stdout] 
[INFO] [stdout] error[E0432]: unresolved import `winapi::um`
[INFO] [stdout]  --> /opt/rustwide/cargo-home/registry/src/github.com-1ecc6299db9ec823/d3d12-0.3.2/src/resource.rs:5:13
[INFO] [stdout]   |
[INFO] [stdout] 5 | use winapi::um::d3d12;
[INFO] [stdout]   |             ^^ could not find `um` in `winapi`
[INFO] [stdout] 
[INFO] [stdout] 
[INFO] [stdout] error[E0433]: failed to resolve: could not find `shared` in `winapi`
[INFO] [stdout]   --> /opt/rustwide/cargo-home/registry/src/github.com-1ecc6299db9ec823/d3d12-0.3.2/src/lib.rs:38:17
[INFO] [stdout]    |
[INFO] [stdout] 38 | pub use winapi::shared::winerror::HRESULT;
[INFO] [stdout]    |                 ^^^^^^ could not find `shared` in `winapi`
[INFO] [stdout] 
[INFO] [stdout] 
[INFO] [stdout] error[E0432]: unresolved import `winapi::um`
[INFO] [stdout]  --> /opt/rustwide/cargo-home/registry/src/github.com-1ecc6299db9ec823/d3d12-0.3.2/src/sync.rs:3:13
[INFO] [stdout]   |
[INFO] [stdout] 3 | use winapi::um::{d3d12, synchapi, winnt};
[INFO] [stdout]   |             ^^ could not find `um` in `winapi`
[INFO] [stdout] 
[INFO] [stdout] 
[INFO] [stdout] error[E0432]: unresolved import `crate::HRESULT`
[INFO] [stdout]  --> /opt/rustwide/cargo-home/registry/src/github.com-1ecc6299db9ec823/d3d12-0.3.2/src/command_list.rs:6:76
[INFO] [stdout]   |
[INFO] [stdout] 6 |     RootSignature, Subresource, VertexCount, VertexOffset, WorkGroupCount, HRESULT,
[INFO] [stdout]   |                                                                            ^^^^^^^ no `HRESULT` in the root
[INFO] [stdout] 
[INFO] [stdout] 
[INFO] [stdout] error[E0432]: unresolved import `crate::HRESULT`
[INFO] [stdout]  --> /opt/rustwide/cargo-home/registry/src/github.com-1ecc6299db9ec823/d3d12-0.3.2/src/dxgi.rs:1:74
[INFO] [stdout]   |
[INFO] [stdout] 1 | use crate::{com::WeakPtr, CommandQueue, D3DResult, Resource, SampleDesc, HRESULT};
[INFO] [stdout]   |                                                                          ^^^^^^^ no `HRESULT` in the root
[INFO] [stdout] 
[INFO] [stdout] 
[INFO] [stdout] error[E0432]: unresolved import `crate::HRESULT`
[INFO] [stdout]  --> /opt/rustwide/cargo-home/registry/src/github.com-1ecc6299db9ec823/d3d12-0.3.2/src/queue.rs:1:53
[INFO] [stdout]   |
[INFO] [stdout] 1 | use crate::{com::WeakPtr, sync::Fence, CommandList, HRESULT};
[INFO] [stdout]   |                                                     ^^^^^^^ no `HRESULT` in the root
[INFO] [stdout] 
[INFO] [stdout] 
[INFO] [stdout] error[E0432]: unresolved import `crate::HRESULT`
[INFO] [stdout]  --> /opt/rustwide/cargo-home/registry/src/github.com-1ecc6299db9ec823/d3d12-0.3.2/src/sync.rs:1:27
[INFO] [stdout]   |
[INFO] [stdout] 1 | use crate::{com::WeakPtr, HRESULT};
[INFO] [stdout]   |                           ^^^^^^^ no `HRESULT` in the root
[INFO] [stdout] 
[INFO] [stdout] 
[INFO] [stdout] error[E0433]: failed to resolve: could not find `shared` in `winapi`
[INFO] [stdout]   --> /opt/rustwide/cargo-home/registry/src/github.com-1ecc6299db9ec823/d3d12-0.3.2/src/debug.rs:12:21
[INFO] [stdout]    |
[INFO] [stdout] 12 |             winapi::shared::guiddef::REFIID,
[INFO] [stdout]    |                     ^^^^^^ could not find `shared` in `winapi`
[INFO] [stdout] 
[INFO] [stdout] 
[INFO] [stdout] error[E0433]: failed to resolve: could not find `ctypes` in `winapi`
[INFO] [stdout]   --> /opt/rustwide/cargo-home/registry/src/github.com-1ecc6299db9ec823/d3d12-0.3.2/src/debug.rs:13:31
[INFO] [stdout]    |
[INFO] [stdout] 13 |             *mut *mut winapi::ctypes::c_void,
[INFO] [stdout]    |                               ^^^^^^ could not find `ctypes` in `winapi`
[INFO] [stdout] 
[INFO] [stdout] 
[INFO] [stdout] error[E0433]: failed to resolve: could not find `um` in `winapi`
[INFO] [stdout]   --> /opt/rustwide/cargo-home/registry/src/github.com-1ecc6299db9ec823/d3d12-0.3.2/src/device.rs:25:26
[INFO] [stdout]    |
[INFO] [stdout] 25 |             *mut winapi::um::unknwnbase::IUnknown,
[INFO] [stdout]    |                          ^^ could not find `um` in `winapi`
[INFO] [stdout] 
[INFO] [stdout] 
[INFO] [stdout] error[E0433]: failed to resolve: could not find `um` in `winapi`
[INFO] [stdout]   --> /opt/rustwide/cargo-home/registry/src/github.com-1ecc6299db9ec823/d3d12-0.3.2/src/device.rs:26:21
[INFO] [stdout]    |
[INFO] [stdout] 26 |             winapi::um::d3dcommon::D3D_FEATURE_LEVEL,
[INFO] [stdout]    |                     ^^ could not find `um` in `winapi`
[INFO] [stdout] 
[INFO] [stdout] 
[INFO] [stdout] error[E0433]: failed to resolve: could not find `shared` in `winapi`
[INFO] [stdout]   --> /opt/rustwide/cargo-home/registry/src/github.com-1ecc6299db9ec823/d3d12-0.3.2/src/device.rs:27:21
[INFO] [stdout]    |
[INFO] [stdout] 27 |             winapi::shared::guiddef::REFGUID,
[INFO] [stdout]    |                     ^^^^^^ could not find `shared` in `winapi`
[INFO] [stdout] 
[INFO] [stdout] 
[INFO] [stdout] error[E0433]: failed to resolve: could not find `ctypes` in `winapi`
[INFO] [stdout]   --> /opt/rustwide/cargo-home/registry/src/github.com-1ecc6299db9ec823/d3d12-0.3.2/src/device.rs:28:31
[INFO] [stdout]    |
[INFO] [stdout] 28 |             *mut *mut winapi::ctypes::c_void,
[INFO] [stdout]    |                               ^^^^^^ could not find `ctypes` in `winapi`
[INFO] [stdout] 
[INFO] [stdout] 
[INFO] [stdout] error[E0433]: failed to resolve: could not find `shared` in `winapi`
[INFO] [stdout]   --> /opt/rustwide/cargo-home/registry/src/github.com-1ecc6299db9ec823/d3d12-0.3.2/src/dxgi.rs:67:21
[INFO] [stdout]    |
[INFO] [stdout] 67 |             winapi::shared::minwindef::UINT,
[INFO] [stdout]    |                     ^^^^^^ could not find `shared` in `winapi`
[INFO] [stdout] 
[INFO] [stdout] 
[INFO] [stdout] error[E0433]: failed to resolve: could not find `shared` in `winapi`
[INFO] [stdout]   --> /opt/rustwide/cargo-home/registry/src/github.com-1ecc6299db9ec823/d3d12-0.3.2/src/dxgi.rs:68:21
[INFO] [stdout]    |
[INFO] [stdout] 68 |             winapi::shared::guiddef::REFIID,
[INFO] [stdout]    |                     ^^^^^^ could not find `shared` in `winapi`
[INFO] [stdout] 
[INFO] [stdout] 
[INFO] [stdout] error[E0433]: failed to resolve: could not find `ctypes` in `winapi`
[INFO] [stdout]   --> /opt/rustwide/cargo-home/registry/src/github.com-1ecc6299db9ec823/d3d12-0.3.2/src/dxgi.rs:69:31
[INFO] [stdout]    |
[INFO] [stdout] 69 |             *mut *mut winapi::ctypes::c_void,
[INFO] [stdout]    |                               ^^^^^^ could not find `ctypes` in `winapi`
[INFO] [stdout] 
[INFO] [stdout] 
[INFO] [stdout] error[E0433]: failed to resolve: could not find `shared` in `winapi`
[INFO] [stdout]   --> /opt/rustwide/cargo-home/registry/src/github.com-1ecc6299db9ec823/d3d12-0.3.2/src/dxgi.rs:87:21
[INFO] [stdout]    |
[INFO] [stdout] 87 |             winapi::shared::minwindef::UINT,
[INFO] [stdout]    |                     ^^^^^^ could not find `shared` in `winapi`
[INFO] [stdout] 
[INFO] [stdout] 
[INFO] [stdout] error[E0433]: failed to resolve: could not find `shared` in `winapi`
[INFO] [stdout]   --> /opt/rustwide/cargo-home/registry/src/github.com-1ecc6299db9ec823/d3d12-0.3.2/src/dxgi.rs:88:21
[INFO] [stdout]    |
[INFO] [stdout] 88 |             winapi::shared::guiddef::REFIID,
[INFO] [stdout]    |                     ^^^^^^ could not find `shared` in `winapi`
[INFO] [stdout] 
[INFO] [stdout] 
[INFO] [stdout] error[E0433]: failed to resolve: could not find `ctypes` in `winapi`
[INFO] [stdout]   --> /opt/rustwide/cargo-home/registry/src/github.com-1ecc6299db9ec823/d3d12-0.3.2/src/dxgi.rs:89:31
[INFO] [stdout]    |
[INFO] [stdout] 89 |             *mut *mut winapi::ctypes::c_void,
[INFO] [stdout]    |                               ^^^^^^ could not find `ctypes` in `winapi`
[INFO] [stdout] 
[INFO] [stdout] 
[INFO] [stdout] error[E0412]: cannot find type `IUnknown` in this scope
[INFO] [stdout]   --> /opt/rustwide/cargo-home/registry/src/github.com-1ecc6299db9ec823/d3d12-0.3.2/src/com.rs:40:41
[INFO] [stdout]    |
[INFO] [stdout] 40 |     pub unsafe fn as_unknown(&self) -> &IUnknown {
[INFO] [stdout]    |                                         ^^^^^^^^ not found in this scope
[INFO] [stdout] 
[INFO] [stdout] 
[INFO] [stdout] error[E0412]: cannot find type `IUnknown` in this scope
[INFO] [stdout]   --> /opt/rustwide/cargo-home/registry/src/github.com-1ecc6299db9ec823/d3d12-0.3.2/src/com.rs:42:27
[INFO] [stdout]    |
[INFO] [stdout] 42 |         &*(self.0 as *mut IUnknown)
[INFO] [stdout]    |                           ^^^^^^^^ not found in this scope
[INFO] [stdout] 
[INFO] [stdout] 
[INFO] [stdout] error[E0412]: cannot find type `HRESULT` in module `crate`
[INFO] [stdout]   --> /opt/rustwide/cargo-home/registry/src/github.com-1ecc6299db9ec823/d3d12-0.3.2/src/debug.rs:14:21
[INFO] [stdout]    |
[INFO] [stdout] 14 |         ) -> crate::HRESULT;
[INFO] [stdout]    |                     ^^^^^^^ not found in `crate`
[INFO] [stdout] 
[INFO] [stdout] 
[INFO] [stdout] error[E0412]: cannot find type `ID3DBlob` in this scope
[INFO] [stdout]    --> /opt/rustwide/cargo-home/registry/src/github.com-1ecc6299db9ec823/d3d12-0.3.2/src/descriptor.rs:280:23
[INFO] [stdout]     |
[INFO] [stdout] 280 |             *mut *mut ID3DBlob,
[INFO] [stdout]     |                       ^^^^^^^^ not found in this scope
[INFO] [stdout] 
[INFO] [stdout] 
[INFO] [stdout] error[E0412]: cannot find type `ID3DBlob` in this scope
[INFO] [stdout]    --> /opt/rustwide/cargo-home/registry/src/github.com-1ecc6299db9ec823/d3d12-0.3.2/src/descriptor.rs:281:23
[INFO] [stdout]     |
[INFO] [stdout] 281 |             *mut *mut ID3DBlob,
[INFO] [stdout]     |                       ^^^^^^^^ not found in this scope
[INFO] [stdout] 
[INFO] [stdout] 
[INFO] [stdout] error[E0412]: cannot find type `HRESULT` in module `crate`
[INFO] [stdout]    --> /opt/rustwide/cargo-home/registry/src/github.com-1ecc6299db9ec823/d3d12-0.3.2/src/descriptor.rs:282:21
[INFO] [stdout]     |
[INFO] [stdout] 282 |         ) -> crate::HRESULT;
[INFO] [stdout]     |                     ^^^^^^^ not found in `crate`
[INFO] [stdout] 
[INFO] [stdout] 
[INFO] [stdout] error[E0412]: cannot find type `HRESULT` in module `crate`
[INFO] [stdout]   --> /opt/rustwide/cargo-home/registry/src/github.com-1ecc6299db9ec823/d3d12-0.3.2/src/device.rs:29:21
[INFO] [stdout]    |
[INFO] [stdout] 29 |         ) -> crate::HRESULT;
[INFO] [stdout]    |                     ^^^^^^^ not found in `crate`
[INFO] [stdout] 
[INFO] [stdout] 
[INFO] [stdout] error[E0412]: cannot find type `HWND` in this scope
[INFO] [stdout]    --> /opt/rustwide/cargo-home/registry/src/github.com-1ecc6299db9ec823/d3d12-0.3.2/src/dxgi.rs:121:15
[INFO] [stdout]     |
[INFO] [stdout] 121 |         hwnd: HWND,
[INFO] [stdout]     |               ^^^^ not found in this scope
[INFO] [stdout] 
[INFO] [stdout] 
[INFO] [stdout] error[E0412]: cannot find type `HRESULT` in this scope
[INFO] [stdout]   --> /opt/rustwide/cargo-home/registry/src/github.com-1ecc6299db9ec823/d3d12-0.3.2/src/lib.rs:40:29
[INFO] [stdout]    |
[INFO] [stdout] 40 | pub type D3DResult<T> = (T, HRESULT);
[INFO] [stdout]    |                             ^^^^^^^ not found in this scope
[INFO] [stdout] 
[INFO] [stdout] 
[INFO] [stdout] error: aborting due to 44 previous errors
[INFO] [stdout] 
[INFO] [stdout] 
[INFO] [stdout] Some errors have detailed explanations: E0412, E0432, E0433.
[INFO] [stdout] 
[INFO] [stdout] For more information about an error, try `rustc --explain E0412`.
[INFO] [stdout] 
[INFO] [stderr] error: could not compile `d3d12`.
[INFO] [stderr] 
[INFO] [stderr] To learn more, run the command again with --verbose.
[INFO] [stderr] warning: build failed, waiting for other jobs to finish...
[INFO] [stderr] error: build failed
[INFO] running `Command { std: "docker" "inspect" "4c0ac72f8c70658616601e18082163503b007c5c580e5189b233b39f8b68cb10", kill_on_drop: false }`
[INFO] running `Command { std: "docker" "rm" "-f" "4c0ac72f8c70658616601e18082163503b007c5c580e5189b233b39f8b68cb10", kill_on_drop: false }`
[INFO] [stdout] 4c0ac72f8c70658616601e18082163503b007c5c580e5189b233b39f8b68cb10
